k - 120. Determine y(-62).
-182
Let i(g) = -24*g + 105. Calculate i(4).
9
Let r(k) = 2*k**2 + 2*k - 72. What is r(7)?
40
Let w(l) = 28*l + 171. Calculate w(-17).
-305
Let b(j) = -j**3 - 18*j**2 + 5*j + 292. What is b(-18)?
202
Let g(s) = -8*s**2 + 126*s - 29. Calculate g(14).
167
Let c(n) = -44*n + 207. Calculate c(-4).
383
Let w(a) = 6*a**2 - 16*a + 45. Calculate w(3).
51
Let p(h) = 4*h**2 + 221*h - 112. Determine p(-57).
287
Let o(v) = 2*v**3 + 48*v**2 - 6*v - 27. Give o(-24).
117
Let z(b) = -b**3 - 18*b**2 + 9*b + 10. Calculate z(-19).
200
Let d(j) = 62*j**2 + 27*j + 63. Give d(-2).
257
Let a(y) = 2*y**2 - 76*y - 274. Give a(42).
62
Let w(y) = -y**2 + 33*y - 261. Calculate w(13).
-1
Let l(h) = -6*h**2 - 45*h + 3. Give l(-7).
24
Let y(c) = 532*c + 1568. Give y(-3).
-28
Let w(o) = o**3 - 3*o**2 - 348*o + 2222. Determine w(7).
-18
Let s(i) = i**3 + 16*i**2 + 8*i - 119. Determine s(-15).
-14
Let m(j) = -56*j**3 + 25*j**2 - 27*j + 1. Calculate m(1).
-57
Let n(d) = -2*d**3 - 57*d**2 - 22*d + 173. Determine n(-28).
5
Let u(k) = -2*k**2 + 775*k - 9731. What is u(13)?
6
Let o(u) = 3*u**2 - 171*u - 169. Determine o(57).
-169
Let p(b) = 11*b**2 - 46*b + 48. Determine p(1).
13
Let y(u) = -10*u + 48. Give y(-8).
128
Let y(i) = i - 131. Give y(126).
-5
Let s(n) = 5*n**3 - 129*n**2 - 18*n - 240. Determine s(26).
-32
Let m(n) = 329*n - 32560. Calculate m(99).
11
Let y(c) = -384*c + 80642. Calculate y(210).
2
Let f(c) = -9*c**3 + c**2 + 6*c - 8. Give f(2).
-64
Let f(d) = -d**3 + 17*d**2 + 21*d + 312. Determine f(19).
-11
Let j(i) = 11*i + 806. Calculate j(-74).
-8
Let l(o) = -201*o + 1212. Calculate l(6).
6
Let c(a) = -5*a**2 - 303*a - 2832. What is c(-10)?
-302
Let k(b) = b**3 - 99*b**2 - 726*b + 6. Determine k(-7).
-106
Let h(u) = 2*u**2 + 15*u + 30. Determine h(-8).
38
Let q(k) = -134*k - 4. Give q(0).
-4
Let l(f) = -f**2 + 43*f + 615. What is l(54)?
21
Let o(u) = 1083*u + 1083. What is o(-1)?
0
Let u(z) = 8*z**3 + 1303*z**2 - 162*z + 154. What is u(-163)?
-9
Let q(o) = -3*o**2 + 75*o + 1531. What is q(-13)?
49
Let a(y) = -y**3 + 48*y**2 + 588*y - 461. Give a(58).
3
Let d(r) = 23*r**2 + 10*r + 23. What is d(-4)?
351
Let b(j) = -j**2 + 144*j - 5049. What is b(60)?
-9
Let u(c) = -25*c - 1105. Determine u(-45).
20
Let j(p) = -p**3 + 14*p**2 + 12*p - 91. What is j(14)?
77
Let q(m) = 54*m - 1587. What is q(29)?
-21
Let y(d) = -d**3 - 28*d**2 - 19*d + 168. Give y(-27).
-48
Let d(l) = 33*l**2 + 70*l - 69. Give d(1).
34
Let x(t) = -t**2 + 89*t + 11112. What is x(-70)?
-18
Let n(l) = -6*l**2 - 2*l + 4. Calculate n(0).
4
Let a(x) = x**3 - 11*x**2 - 12*x + 107. Give a(11).
-25
Let w(y) = -1223*y + 1224. Calculate w(1).
1
Let t(m) = 6*m**3 + 85*m**2 + 15*m + 9. Determine t(-14).
-5
Let g(y) = y**3 - 2*y**2 + 96*y - 292. Give g(3).
5
Let n(s) = -s**3 + 25*s**2 - 118*s + 60. Calculate n(19).
-16
Let v(p) = 18*p - 134. Give v(6).
-26
Let w(x) = -x - 16. Give w(-25).
9
Let a(o) = -969*o - 4821. Calculate a(-5).
24
Let t(l) = 4*l**2 + 62*l - 141. Determine t(-18).
39
Let l(a) = -6*a**2 - 17*a + 1. What is l(-4)?
-27
Let o(d) = d**3 + 29*d**2 - 37*d - 256. Determine o(-30).
-46
Let m(a) = -157*a - 2343. Give m(-15).
12
Let w(k) = 13*k**2 + 275*k + 29. What is w(-21)?
-13
Let u(a) = -6*a**3 + a**2 + 2*a + 762. What is u(0)?
762
Let z(x) = x**2 - 4*x + 6. Calculate z(4).
6
Let i(o) = -o**3 + o**2 + 2*o - 50. What is i(-5)?
90
Let f(s) = -s - 15. Determine f(5).
-20
Let u(h) = -46*h + 1625. What is u(34)?
61
Let i(g) = -3*g**2 - 2*g + 73. Calculate i(7).
-88
Let b(c) = 706*c - 3524. Give b(5).
6
Let n(c) = -39*c - 274. Give n(-2).
-196
Let u(v) = 15*v + 7. Calculate u(2).
37
Let r(v) = v**2 - 975*v - 8855. Determine r(-9).
1
Let b(p) = p**3 - 13*p**2 - 47*p + 477. What is b(14)?
15
Let y(a) = a**3 - 5*a**2 - 9*a + 42. Determine y(4).
-10
Let p(g) = -289*g + 2006. What is p(7)?
-17
Let f(d) = -4622*d + 5. Give f(0).
5
Let z(v) = -2053*v - 32860. Determine z(-16).
-12
Let y(t) = 3*t**2 + 5*t - 15. What is y(5)?
85
Let l(a) = a**3 + 13*a**2 - 31*a - 15. Determine l(-15).
0
Let b(g) = 15*g**3 + 2*g**2 - 10*g + 2. What is b(-3)?
-355
Let y(r) = -16*r**2 + r + 5. Give y(4).
-247
Let h(t) = -34*t**3 + t**2 + 27*t + 43. Calculate h(-2).
265
Let b(i) = -6*i**2 - 38*i + 24. Calculate b(-7).
-4
Let i(w) = -225*w + 642. Determine i(3).
-33
Let w(r) = 6*r**3 - 32*r**2 - 10*r - 78. Determine w(6).
6
Let v(s) = 17556*s - 158008. What is v(9)?
-4
Let i(z) = -z**2 - 48*z + 200. What is i(-52)?
-8
Let a(v) = 273*v - 8427. Determine a(31).
36
Let w(i) = -i**3 - 60*i**2 + 127*i + 227. Calculate w(-62).
41
Let u(p) = -p**3 - 27*p**2 + 28*p - 7. Give u(-28).
-7
Let z(o) = -2*o**2 + 396*o - 7439. Determine z(21).
-5
Let b(n) = -2*n**2 + 59*n + 87. Calculate b(31).
-6
Let q(x) = -x**2 + 6*x + 548. Give q(27).
-19
Let t(y) = y**3 + 317*y**2 - 949*y + 3525. What is t(-320)?
5
Let u(x) = 2*x**2 + 68*x + 23. Calculate u(-32).
-105
Let i(j) = 100*j + 22604. Give i(-226).
4
Let n(l) = 539*l + 7548. Determine n(-14).
2
Let q(t) = -t**3 - 7*t**2 - 4*t + 18. What is q(-5)?
-12
Let h(i) = -9302*i - 18608. Determine h(-2).
-4
Let v(p) = -p**3 + 69*p**2 + 61*p + 669. Determine v(70).
39
Let b(s) = s**2 + 22*s - 1310. What is b(27)?
13
Let a(j) = -j - 115. Calculate a(8).
-123
Let y(z) = -57*z - 111. Give y(-3).
60
Let d(m) = -225*m + 13944. Give d(62).
-6
Let z(l) = 4*l**3 - 34*l**2 - 15*l + 8. What is z(-4)?
-732
Let l(d) = d**3 - 15*d**2 + 46*d + 49. What is l(9)?
-23
Let o(l) = -3*l**2 + 20*l + 73. Determine o(9).
10
Let x(d) = -2*d**3 + 83*d**2 + 52*d - 403. Determine x(42).
17
Let g(p) = p**2 - 22*p + 30. Determine g(19).
-27
Let v(w) = 3*w**2 - 182*w - 70. What is v(61)?
-9
Let h(f) = f**2 + 2*f + 14. Give h(-4).
22
Let f(a) = a**3 - 23*a**2 + 28*a - 52. What is f(22)?
80
Let k(t) = -215*t - 234. What is k(-1)?
-19
Let h(z) = -3*z**2 + 348*z - 2588. Calculate h(8).
4
Let o(p) = -23*p**3 - 9*p**2 - 13*p + 11. What is o(-2)?
185
Let f(o) = -207*o + 4336. What is f(21)?
-11
Let r(f) = -112*f**2 + 106*f + 5. Determine r(1).
-1
Let x(p) = -p**2 - 28*p - 139. Determine x(-9).
32
Let f(v) = -8*v**3 + 65*v**2 + 56*v - 478. Calculate f(8).
34
Let b(v) = -11*v + 72. Give b(-11).
193
Let v(d) = -193*d + 10215. Give v(53).
-14
Let g(t) = 342*t - 3484. What is g(10)?
-64
Let g(z) = z**3 - 7*z**2 + 6*z - 9. What is g(5)?
-29
Let j(n) = n**2 + 736*n - 3666. Determine j(5).
39
Let c(z) = 24*z + 1044. Calculate c(-45).
-36
Let n(m) = -84*m - 636. What is n(-14)?
540
Let c(u) = -u**3 - 71*u**2 - 74*u - 316. Calculate c(-70).
-36
Let j(p) = -2*p**2 + 24*p - 21. Give j(1).
1
Let u(l) = l**3 + 31*l**2 - 14*l + 584. Determine u(-32).
8
Let x(a) = -68*a - 148. What is x(-2)?
-12
Let u(y) = 3*y**2 + 48*y - 29. Calculate u(-17).
22
Let x(w) = -118*w + 222. Calculate x(2).
-14
Let f(i) = -i**2 + 36*i + 56. Give f(42).
-196
Let x(r) = -765*r**2 - 36*r + 34. What is x(1)?
-767
Let i(j) = -183*j + 1011. Determine i(5).
96
Let k(x) = -4*x**3 - 21*x**2 - 9*x - 12. Determine k(-2).
-46
Let a(j) = j**3 - 3*j**2 - 5*j - 28. What is a(7)?
133
Let l(u) = u**3 + 6*u**2 - 6*u - 7. Give l(-9).
-196
Let i(n) = -n**3 - 15*n**2 - 41*n - 46. Determine i(-12).
14
Let m(t) = 3*t**2 - 9*t - 91. Calculate m(11).
173
Let x(c) = c**2 + 18*c - 287. Give x(-31).
116
Let r(l) = 146*l - 1578. Give r(11).
28
Let l(s) = s**3 - 14*s**2 + 46*s + 5. Calculate l(7).
-16
Let h(i) = i**3 + 4*i**2 - 190*i - 23. Determine h(12).
1
Let y(z) = -2*z - 40. Determine y(-39).
38
Let x(v) = v**2 - 91*v + 264. Give x(3).
0
Let z(o) = 50*o - 6293. Give z(126).
7
Let z(i) = -i**3 - 9*i**2 + 23*i + 11. Give z(-11).
0
Let d(k) = -52*k - 1863. Calculate d(-37).
61
Let t(z) = 522*z - 20362. Give t(39).
-4
Let w(y) = -61*y + 31. Give w(0).
31
Let m(t) = 83*t + 2855. Determine m(-34).
33
Let s(z) = -328*z - 26904. What is s(-82)?
-8
Let k(j) = -15*j**3 + 3*j**2 + 3*j - 15. What is k(-4)?
981
Let d(y) = -16*y**2 + 65*y - 50. Give d(3).
1
Let d(a) = 30*a - 652. Determine d(15).
-202
Let y(z) = 14*z - 126. Calculate y(20).
154
Let s(x) = 114*x - 247. What is s(8)?
665
Let g(t) = -2*t**2 + 4341*t - 25995. Give g(6).
-21
Let h(u) = -15*u + 448. What is h(7)?
343
Let p(c) = -7*c**2 + 19*c + 3. Determine p(5).
-77
Let u(w) = w**3 + 15*w**2 + 18*w - 45. Give u(-8).
259
Let a(x) = -24*